-138 - -3?
-135
In base 9, what is -1 - -660?
658
In base 4, what is 10 - 12103?
-12033
In base 15, what is -2e - e3?
-122
In base 11, what is 704 - 4?
700
In base 9, what is 7 + -84?
-76
In base 6, what is 0 - -55?
55
In base 5, what is 312244 + -2?
312242
In base 5, what is -10302 - -2?
-10300
In base 6, what is -232 - 4?
-240
In base 4, what is 223 + 31?
320
In base 15, what is -107 + -3?
-10a
In base 11, what is 152 + -46?
107
In base 7, what is -3 - -616?
613
In base 14, what is -17 + -24?
-3b
In base 13, what is 8323 - 3?
8320
In base 3, what is 10 + -20021?
-20011
In base 14, what is 5 + 1?
6
In base 2, what is 100 + 1111?
10011
In base 11, what is 427 + 1?
428
In base 11, what is -7805 - 2?
-7807
In base 14, what is -1 + 42?
41
In base 12, what is -644 - 6?
-64a
In base 16, what is 2 + 4f?
51
In base 4, what is -2 + -230?
-232
In base 6, what is 23 + 103?
130
In base 14, what is -a5 + -6?
-ab
In base 8, what is 453 - -2?
455
In base 11, what is -25038 - 4?
-25041
In base 4, what is 11103 - 0?
11103
In base 9, what is 4 + 1688?
1703
In base 13, what is 5 + -8b?
-86
In base 3, what is -10 + 1220?
1210
In base 2, what is 101 - 100110?
-100001
In base 11, what is -237 + 23?
-214
In base 14, what is -132 - 6?
-138
In base 12, what is -344 + 3?
-341
In base 12, what is -28 + -38a?
-3b6
In base 8, what is -6 + 36?
30
In base 5, what is -22 + -10201?
-10223
In base 5, what is 1 - 44?
-43
In base 10, what is -399 - -15?
-384
In base 6, what is 122 - -23?
145
In base 16, what is -4 - c1?
-c5
In base 13, what is -3b2 - 34?
-416
In base 12, what is -18 + 1b?
3
In base 2, what is 10010100 - 11?
10010001
In base 13, what is -373 + 0?
-373
In base 14, what is 1d94 + -2?
1d92
In base 16, what is -49 + 22?
-27
In base 2, what is -11 + 10100001?
10011110
In base 6, what is 240 - 201?
35
In base 7, what is -35 - -15?
-20
In base 2, what is -100000000011 + 10?
-100000000001
In base 4, what is -22231 + 1?
-22230
In base 3, what is -21011021 + -11?
-21011102
In base 2, what is 0 - -10101111?
10101111
In base 14, what is 17 - -18?
31
In base 5, what is -1 + 343?
342
In base 7, what is 5 + 1505?
1513
In base 8, what is 240 - 4?
234
In base 4, what is 1 + -320?
-313
In base 10, what is 1 + 42?
43
In base 14, what is -5 + 93?
8c
In base 12, what is 42 - -6?
48
In base 5, what is -134 + -4?
-143
In base 13, what is -2 - -42?
40
In base 5, what is -13 + 2?
-11
In base 15, what is 117 - -4?
11b
In base 3, what is 210 + -11?
122
In base 16, what is 6e - -17?
85
In base 10, what is -3 + -9047?
-9050
In base 9, what is -5 + -1101?
-1106
In base 4, what is -10 + 11?
1
In base 11, what is -181 + 10?
-171
In base 6, what is 425 - 40?
345
In base 16, what is 57a + 1a?
594
In base 13, what is 5157 - -4?
515b
In base 8, what is -4 - -1426?
1422
In base 9, what is -17 - -88?
71
In base 3, what is 10 - -11210?
11220
In base 10, what is -122 - 15?
-137
In base 2, what is 111 + -101000?
-100001
In base 8, what is -564 + -23?
-607
In base 5, what is 102131 - -1?
102132
In base 16, what is -3 + 2d2?
2cf
In base 16, what is 2b - f?
1c
In base 11, what is -3 - -26?
23
In base 3, what is -10 + 0?
-10
In base 5, what is -1131 + 14?
-1112
In base 15, what is -3 - -a4?
a1
In base 5, what is 1022 - 2?
1020
In base 10, what is -14 - -9?
-5
In base 13, what is -3b17 + -1?
-3b18
In base 15, what is -1 + d6?
d5
In base 5, what is -1012 + 101?
-411
In base 13, what is -1 - -39ac?
39ab
In base 8, what is 3 + 10?
13
In base 7, what is 2 - -62?
64
In base 15, what is 169e + -3?
169b
In base 3, what is 12122 + 2022?
21221
In base 14, what is 1 + -444?
-443
In base 6, what is 45 + -20?
25
In base 13, what is -c9 + 0?
-c9
In base 7, what is 4 - 140?
-133
In base 8, what is -1 + 1170?
1167
In base 7, what is -4 + 226?
222
In base 8, what is 11133 + 3?
11136
In base 7, what is 536 + 0?
536
In base 12, what is 36 + 5?
3b
In base 7, what is 3 - -136?
142
In base 10, what is 1 + 270?
271
In base 4, what is -222 - -10030?
3202
In base 4, what is 30220 - -11?
30231
In base 4, what is 11 - -20?
31
In base 10, what is -44 - 4?
-48
In base 15, what is -5 - 57?
-5c
In base 4, what is -120020 + -3?
-120023
In base 12, what is -1 + 53?
52
In base 9, what is -3 - -128?
125
In base 14, what is 57 - 80?
-27
In base 11, what is 963 + -3?
960
In base 13, what is -3 + -59?
-5c
In base 5, what is 1 + 2010?
2011
In base 11, what is -4 - -1a?
16
In base 15, what is 9 + 195?
19e
In base 13, what is 1907 - 0?
1907
In base 11, what is 4 + 269a?
26a3
In base 14, what is -cb + -10?
-db
In base 2, what is 100010010 - 100?
100001110
In base 15, what is -878 - -1?
-877
In base 13, what is -3 + 26?
23
In base 6, what is 5 + -330?
-321
In base 5, what is 4210 - -2?
4212
In base 5, what is -10 - -4224?
4214
In base 8, what is 50753 - -5?
50760
In base 8, what is -3 + -526?
-531
In base 4, what is 2 + -23021?
-23013
In base 15, what is 6 - 14?
-d
In base 7, what is -10 + -21?
-31
In base 16, what is f84 - -5?
f89
In base 5, what is -2 - -1131?
1124
In base 5, what is -22 + -11?
-33
In base 7, what is 0 + 2016?
2016
In base 10, what is -53 - -25?
-28
In base 2, what is -110001100 + -11?
-110001111
In base 4, what is 110 + -13?
31
In base 3, what is 21 - 221200?
-221102
In base 2, what is -100 + 1001110?
1001010
In base 7, what is -4 + -5?
-12
In base 10, what is 5 + 88?
93
In base 15, what is 15 + 4?
19
In base 14, what is 2 + -15?
-13
In base 12, what is 4327 + -1?
4326
In base 16, what is fb5 + -5?
fb0
In base 14, what is -112 - 9?
-11b
In base 6, what is 3305 + -2?
3303
In base 13, what is 1b - 33?
-15
In base 5, what is 2211 - 33?
2123
In base 12, what is b0 - 7?
a5
In base 2, what is 10000 - -1100111?
1110111
In base 4, what is 3 - 233?
-230
In base 9, what is 2 + 26?
28
In base 14, what is 24d + -37?
216
In base 4, what is -3102 - -2?
-3100
In base 8, what is -4 + 10?
4
In base 5, what is -240 - 1341?
-2131
In base 14, what is 133 - 1?
132
In base 2, what is -100001 - -10001?
-10000
In base 15, what is -6 - -29?
23
In base 2, what is -101 - 1001001?
-1001110
In base 6, what is -3 - 3415?
-3422
In base 5, what is -203 + -3?
-211
In base 15, what is 6 + 29?
30
In base 14, what is -3c2 - 2?
-3c4
In base 13, what is -4b5 + 5?
-4b0
In base 4, what is -1 + -1030231?
-1030232
In base 3, what is 21 - -110011?
110102
In base 15, what is 11 + -1?
10
In base 10, what is 0 - 114?
-114
In base 9, what is 0 - 335?
-335
In base 5, what is 32032 - 21?
32011
In base 10, what is 123 - 4?
119
In base 10, what is -150 + -25?
-175
In base 11, what is -103 + -5?
-108
In base 2, what is 10 + 10111?
11001
In base 7, what is -315 + 1?
-314
In base 7, what is -336 + -14?
-353
In base 8, what is -3546 - -2?
-3544
In base 10, what is -648 + 5?
-643
In base 9, what is 14 - -81?
105
In base 15, what is 1 - -cd?
ce
In base 6, what is 0 - 52105?
-52105
In base 10, what is 2519 - 1?
2518
In base 2, what is -111 - 1101?
-10100
In base 16, what is 3 - 6e3?
-6e0
In base 12, what is -1a - 158?
-176
In base 16, what is 3f7e - -4?
3f82
In base 7, what is -11 - -1124?
1113
In base 10, what is -26 - 36?
-62
In base 16, what is b3 + 0?
b3
In base 8, what is 2 + -104?
-102
In base 10, what is -15 + 7?
-8
In base 10, what is 6 - 26?
-20
In base 5, what is -3 - 230?
-233
In base 11, what is 50 - -3?
53
In base 4, what is -11 - -301?
230
In base 6, what is 11 + 42?
53
In base 12, what is -5 - 4?
-9
In base 2, what is 100010000 - 1001111?
11000001
In base 8, what is -707 + 2?
-705
In base 16, what is -17ba + 0?
-17ba
In base 13, what is 99 - 4?
95
In base 7, what is -3 + 1000?
664
In base 2, what is 10 - 11100000?
-11011110
In base 13, what is 3 + 301?
304
In base 7, what is -2032 - 6?
-2041
In base 15, what is 1 - -b?
c
In base 11, what is -1877 + 5?
-1872
In base 7, what is 0 - -1?
1
In base 4, what is 2020 + -122?
1232
In base 11, what is -29 + 105?
87
In base 15, what is 2 + -75?
-73
In base 3, what is -11012 + 101?
-10211
In base 14, what is 348 + 7?
351
In base 9, what is -1 + -32?
-33
In base 6, what is 1 + -130?
-125
In base 6, what is 5 + 13050?
13055
In base 3, what is -110101 - 122?
-111000
In base 15, what is 2d + 5?
33
In base 11, what is 3 + -33?
-30
In base 11, what is 254 + -3?
251
In base 13, what is -1a39 - 4?
-1a40
In base 9, what is 4113 + -2?
41